 t + 150 = 0, -3*d - 2*t + 112 = -7*t. Let s = d + -9. What are the prime factors of s?
2, 5
Let g = -8 - -31. Suppose -2 = k - g. What are the prime factors of k?
3, 7
Suppose -2*l = 2*l + 44. Let n = l + 35. Suppose 5*b - 5*o = 15, 0*b = 2*b + 4*o - n. List the prime factors of b.
2, 3
Let z(s) = -2*s**3 - 12*s**2 + 13. List the prime factors of z(-6).
13
Let g(p) = 3*p - 7. Let f(q) = 5*q. Let d be f(2). Suppose -3*j = -8 - d. What are the prime factors of g(j)?
11
Let b(m) = -m**3 - 16*m**2 - 13*m - 9. Let k be b(-15). Let a = 2 - k. What are the prime factors of a?
41
Let q(a) = 13*a**2 - 2*a - 6. List the prime factors of q(4).
2, 97
What are the prime factors of 41/5 + (-16)/(-20)?
3
Let k(g) = 34*g**3 - 1. Suppose -5 = -5*v + n, 4 = 4*v + 2*n - 0. What are the prime factors of k(v)?
3, 11
Let d(q) = -q**3 - 6*q**2 - 7*q - 1. Let y(g) = g + 2. Let k be y(-7). Let u be d(k). Suppose -2 - u = -v. List the prime factors of v.
11
List the prime factors of (-2)/4*216/(-9).
2, 3
Let n(a) = -7*a**3 - 3*a**2 - 8*a - 10. What are the prime factors of n(-3)?
2, 11
List the prime factors of (-95)/(-2)*240/200.
3, 19
Let h(s) be the third derivative of s**4/24 - s**3/3 - 2*s**2. Let g be h(6). Suppose 0 = d + g*d - 55. List the prime factors of d.
11
Suppose 3*w = -w + 8. Suppose 4*c + w*a - 98 = 0, 5*a = -c + 2*c + 3. List the prime factors of c.
2, 11
Suppose -5*j = l + 37, 3*j - 3*l + 1 = 4*j. Let p = -5 - j. What are the prime factors of (-2)/p*(-24)/2?
2
Suppose -6*a + 4*o - 44 = -10*a, -4*a + 51 = -3*o. List the prime factors of a.
2, 3
Suppose -5*o - 6 = -2*o, 5*o + 571 = 3*l. What are the prime factors of l?
11, 17
Suppose 100 = -a + 31. Let k = a - -100. List the prime factors of k.
31
Let c = 108 - 62. What are the prime factors of c?
2, 23
Let s = -67 - -74. What are the prime factors of s?
7
Let p be 2/(-2 - 0)*2. Let c = p - -6. List the prime factors of c.
2
Let q(h) = h**3 - h**2 + h + 3. Let g be q(0). Suppose 3*j = g*n + 123, 4*j - n = 36 + 137. Suppose 0*v + 4*v = j. List the prime factors of v.
11
Let g(w) = -3*w - 4. Let f be g(-6). List the prime factors of (-430)/(-35) + (-4)/f.
2, 3
Let z(i) = 2*i - 8. Let t be z(6). Suppose 5*q - 95 = t*f, -q - 2*q - 2*f + 35 = 0. What are the prime factors of q?
3, 5
Let z(q) = 18*q - 19. What are the prime factors of z(9)?
11, 13
Let z be 2/(((-3)/(-1))/3). Suppose 0 = 2*k + z*k - 36. What are the prime factors of k?
3
Let h(y) = 2*y. Suppose -4*n + 0*n + 8 = 0. Let f be h(n). Suppose -j = -f*r + 12, j = -3*j + 3*r + 4. What are the prime factors of j?
2
Let o(u) = u**2 - 3*u + 5. Suppose 7 = -2*p + 15. List the prime factors of o(p).
3
Suppose -q + 2*b + 29 = 0, 0*q = -q + 4*b + 33. Suppose q = -5*g, 50 = 7*j - 2*j + 5*g. List the prime factors of j.
3, 5
Let m = -180 - -229. What are the prime factors of m?
7
Suppose 4*t + 5*t = 387. What are the prime factors of t?
43
Let p = 3 - 1. Let j(v) = 1 + 4*v**2 - 4*v + 5 - 4. List the prime factors of j(p).
2, 5
Suppose -409 = -5*b + 2*x - 3*x, 160 = 2*b + 4*x. What are the prime factors of b?
2, 41
Let y(n) = -6*n - n**3 + n - 4*n + 9*n**2 + 4 - n**2. List the prime factors of y(6).
2, 11
Suppose 5*l - 4*c - 351 = 0, -2*l + 2*c - 3*c + 130 = 0. List the prime factors of l.
67
Suppose -5*j + 10*j = -5*m + 1275, 5*j = 0. What are the prime factors of m?
3, 5, 17
Let n(v) = -v + 10. Let f(o) = o**2 - 6*o + 2. Let h be f(6). Suppose -h*c = c - 15. List the prime factors of n(c).
5
Let z(t) = t - 4. Let g(o) = -o**2 + 16*o - 19. Let w be g(14). What are the prime factors of z(w)?
5
Let l = 1 - 1. Suppose 2*z + 2 = -l*z. List the prime factors of (4 - -1)/(z - -2).
5
Suppose 3*p + 5 + 10 = 0. Let y = -3 - p. Suppose 7*n = 3*n + m + 37, y*n = 3*m + 11. What are the prime factors of n?
2, 5
Suppose -3*z + 5 = 2*z. Let n be z/(-5) + (-4)/5. List the prime factors of n/2 - (-23)/2.
11
Let y = 5 + -3. Suppose -17 = 4*b + 3*c + y*c, 3*b + 14 = -4*c. Suppose 0 = x - b*x + 14. List the prime factors of x.
2, 7
What are the prime factors of (0 - 6/10)/(4/(-860))?
3, 43
Let p(i) = 23*i**2 + 2*i - 1. Suppose -2*a - 2 = -4. Let o be p(a). Suppose 3*d - 5*r + 52 = 7*d, -4*d + 2*r + o = 0. What are the prime factors of d?
2
Suppose 8*l = 3*l. Suppose w + w - 4 = l. Suppose 0 = 4*a - 5*n - 23, 3*a + w*n + 0*n = 46. What are the prime factors of a?
2, 3
Let r(o) = 3*o**3 - 6*o**2 - 9*o + 14. List the prime factors of r(5).
2, 97
Let b(i) = -i**3 + i**2 + 40. List the prime factors of b(0).
2, 5
Suppose 2*i - 7*i + 190 = 0. Suppose -3*r = -r + 2*p - i, -3*r + 2*p + 42 = 0. List the prime factors of r.
2
Let m(a) = a**2 + 12*a + 14. What are the prime factors of m(-12)?
2, 7
Suppose 3*b - 5*b - h = -135, -3*b = -5*h - 196. What are the prime factors of b?
67
Let k(j) = -2*j - 2. Let s be k(2). Let x = 12 + s. Suppose x = q - 2. What are the prime factors of q?
2
Let i(x) = -9*x + 7. List the prime factors of i(-7).
2, 5, 7
Let f(n) = 25*n**2 - 2*n + 1. What are the prime factors of f(1)?
2, 3
Suppose y = -y - 2. Suppose -4*u - 3*o - 3 = 33, 3*u = 3*o - 27. Let g = y - u. What are the prime factors of g?
2
Let b = 27 + 45. List the prime factors of b.
2, 3
Let d(r) = r**3 - 2*r**2 - r + 2. Let a be d(2). Let o be (-6)/((-1 - a)*1). Let c(n) = n**2 - 5*n - 4. What are the prime factors of c(o)?
2
Let b(w) be the third derivative of -w**7/5040 + w**6/120 + w**5/60 - w**2. Let m(q) be the third derivative of b(q). List the prime factors of m(0).
2, 3
Let m(f) = 46*f + 1. List the prime factors of m(3).
139
Let z(m) = -m. Let q(a) = -5*a. Let o(f) = -4*q(f) + 22*z(f). Let h be o(-2). Suppose 23 = 2*p + 3*c, -h*p - 5*c = -3*p - 22. List the prime factors of p.
7
Let j(x) = x**3 + 6*x**2 - x + 4. Let y(r) = r - 6. Let n be y(9). Let v = n + -9. What are the prime factors of j(v)?
2, 5
Let p be 71/2 + 5/10. Suppose 0 = 2*f - 2*j - p, 0 = f + 4*f - 4*j - 95. List the prime factors of f.
23
Let b(a) = a - 4. Let c be b(7). Let n = c - 1. What are the prime factors of n?
2
Let w(j) = -j**3 + 7*j**2 + 9*j - 8. Let y be w(8). Suppose -x + 12 + 24 = 0. List the prime factors of x/3 + -2 - y.
2, 5
Suppose 3*x + 11 = -13. Let k = -4 - x. Let p = 0 + k. List the prime factors of p.
2
Let a be 5 - (-1 + 1 + -3). Let l(r) = -r**2 + 12*r - 12. What are the prime factors of l(a)?
2, 5
Let y = 23 - 14. Let d = -5 + y. Suppose -3*m + 4*u = -21, m + 3*m = -d*u. What are the prime factors of m?
3
Suppose -3*q = q - 28. Let s = q + -4. List the prime factors of s.
3
Let f be 5 - ((-4)/(-2) - 3). Suppose 0 = 3*w - 0*w - f. What are the prime factors of w?
2
Suppose 3*s + 3*d + 18 = 0, -2*s - 2*s - 24 = -4*d. Let i = 0 - s. Suppose i*u - 45 = 3*u. What are the prime factors of u?
3, 5
Suppose 3*u - 6*u = 0. Suppose -16 = -4*z - u. Suppose -z*w = w + 20, 2*w - 34 = -3*r. List the prime factors of r.
2, 7
Let a(s) = 14*s**2 - 3*s - 3. Let v(k) = 15*k**2 - 4*k - 3. Let t(d) = 3*a(d) - 2*v(d). List the prime factors of t(-2).
47
Let g be (0 + -3 + -26)*1. Let f = -11 - g. What are the prime factors of f?
2, 3
Let z be (-1)/(-2) - (-4)/(-8). Let u(r) = r**2 + r + 1. Let w(s) = -2*s**2 - 3*s - 22. Let m(i) = -3*u(i) - w(i). What are the prime factors of m(z)?
19
Suppose -n - 45 = -5*v + 4*n, n + 31 = 3*v. What are the prime factors of v + 0 - (3 + -4)?
2, 3
Suppose 0 = 4*d - 2*t - 8, -4*d - 4 = 2*t - 7*t. Let k(r) = -6*r. Let o be k(-1). Let m = o - d. List the prime factors of m.
2
Let b(j) = -j**3 + j**2 + 3*j + 3. Let v be b(3). Suppose -2*y + 22 = 2*y + 5*w, w - 6 = -y. Let t = v + y. What are the prime factors of t?
2
Let g = -2 - -8. Let p = g + 11. List the prime factors of p.
17
Suppose 3*p + 189 = 4*o + 65, 0 = -3*o + 5*p + 93. What are the prime factors of o?
31
Let d be ((-9)/(-12))/(1/(-12)). List the prime factors of d/(-12) - (-315)/12.
3
Let k = 5 + 2. Suppose -2*d = -69 + k. What are the prime factors of d?
31
Suppose -48 + 455 = 5*v - 2*y, 5*y - 269 = -3*v. What are the prime factors of v?
83
Let b = 51 - 29. Let h = b + -15. Suppose 3*r - r + k = h, k = 3. List the prime factors of r.
2
Suppose -2*v + 2 = o, -5*o - v = -0 - 1. Let u be 0 + 2 + o + 4. Suppose -u = -5*n + 3*n. List the prime factors of n.
3
Suppose -2*z - a + 169 = 0, -3*z + 164 + 86 = 5*a. Suppose 5*i = 5*m - 1